r of p and d.
20
Let f(t) = -t**2 + 17*t - 45. Suppose 299*c - 294*c = 50. Let l be f(c). Calculate the greatest common factor of 75 and l.
25
Suppose -4*m = 3*c - 105, 4*c = 8*m - 10*m + 70. What is the highest common factor of 3787 and m?
7
Suppose -5*x + x = -5*p - 316, 100 = -2*p - 5*x. Let n = p - -66. Suppose 0 = n*i - 144 - 24. What is the greatest common divisor of 14 and i?
14
Let q be 168*-24*(-4)/112. Calculate the highest common factor of q and 2304.
144
Let k = -7848 + 8400. What is the greatest common divisor of k and 24?
24
Let z = 35871 - 35794. Calculate the highest common divisor of 1645 and z.
7
Suppose 0 = -13*q + 10*q + 2*i - 305, 4*q + 4*i + 380 = 0. Let r = q - -103. Calculate the highest common factor of r and 1.
1
Let k be 77/21 + -4 + (-56)/(-6). Let h be (-3 + 2)*17*(2 - k). Calculate the greatest common divisor of 7 and h.
7
Let b(i) = -i**3 - 69*i**2 + 190*i + 501. Let c be b(-72). What is the highest common divisor of c and 84?
21
Let c(b) = -56*b + 10. Let a(m) = 57*m - 11. Let u(k) = 5*a(k) + 6*c(k). Let p be u(4). Let o = -95 - p. What is the highest common factor of o and 13?
13
Let p(z) = 209*z**2 - 17*z - 5. Let y be p(-3). What is the greatest common divisor of 410 and y?
41
Suppose 38 = -2*o - 4*l - 0*l, o = -l - 16. Let m = o + 53. Calculate the highest common factor of m and 30.
10
Let v be (-1)/((-18)/(-15)) + (-3500)/(-168). What is the highest common factor of 1270 and v?
10
Let x(k) = 18*k - 154. Let c be x(8). Let s be 10/(-2) + (-110)/c. What is the greatest common factor of 30 and s?
6
Let r be 4 + 2 + 4 + 3 + -2. Let q = 47 - -96. Calculate the greatest common divisor of r and q.
11
Suppose -1323 = -d - 5*r, 0*r - 24075 = -18*d - 3*r. What is the greatest common divisor of d and 24?
6
Let n be ((-7089)/9 + 1)*104/(-48)*9. What is the highest common factor of 472 and n?
236
Let m be (143/(-156) + (-45)/(-20))*18. What is the greatest common factor of 3480 and m?
24
Suppose 4*b + 520 = 9*b. Suppose b*n - 102*n = 6. Calculate the highest common divisor of n and 1.
1
Suppose 0 = 2*v - 2*n + 280, -3*v - 448 + 30 = -2*n. Let u = -135 - v. Calculate the highest common factor of 1 and u.
1
Suppose -2*m + 25 = -m. Let z be (-3 + -1)*-4*(-75)/(-24). Calculate the highest common divisor of z and m.
25
Let w(l) = l**3 - 66*l**2 + 766*l - 10. Let a be w(15). What is the greatest common factor of a and 646?
1
Suppose -4*q + 156 = 140. Let v be -3 + q + 5 - -1. What is the highest common divisor of 35 and v?
7
Let g be (-230)/(-4) + 1 - (-1557)/1038. What is the greatest common factor of g and 15690?
30
Suppose 0 = 4*h - r - 101, 0 = -h + 2*r + 10 + 17. Let p(d) = 2*d - 1. Let l be p(-5). Let w = h - l. What is the highest common factor of 36 and w?
36
Let a be 360*(21/(-9))/(-7)*74/5. Calculate the greatest common divisor of a and 48.
48
Let c(u) = 5*u + 1331. Let s be c(72). Calculate the highest common factor of 95 and s.
19
Let y = 317 - 338. Let p be 48/(-10)*140/y. What is the highest common factor of 736 and p?
32
Let f(j) = j**3 - 2*j**2 + 2*j + 25. Let g be f(0). Let c = -2096 + 2101. What is the greatest common factor of c and g?
5
Let q(r) = 22*r - 14*r + 32 - 6*r. Let b be q(-13). Let m be (-88)/(-6) + b/(-9). Calculate the greatest common factor of m and 4.
2
Let k be 6 - ((-6)/(-12)*8 - (-99)/(-11)). Calculate the highest common factor of k and 9097.
11
Suppose 4 = 15*r - 11*r + 4*h, -r + 4 = 4*h. Suppose r = 4*g - 2*s - 28, -4*g - 2*s + 32 = -12. Calculate the highest common divisor of 207 and g.
9
Let b be 136/36*(34 - 25). Suppose -9*w + 4*w = -510. Calculate the highest common divisor of w and b.
34
Let v = 2098 - 557. What is the greatest common divisor of 23 and v?
23
Suppose 2431 = 3*n + 8*n. Let r(o) = -o**2 - 19*o - 35. Let u be r(-16). What is the highest common factor of n and u?
13
Suppose -2*d + 4*d = 14. Suppose -d*j = -8*j + 4. Suppose -j*z = -8*z + 32. Calculate the highest common divisor of z and 24.
8
Let w(m) = -2*m - 9. Let f be w(-6). Suppose -k = -3*x - 25, -3*x = f*k - 0*k - 135. Suppose 6*b + k - 106 = 0. Calculate the highest common factor of b and 77.
11
Let q = 90 - 76. Suppose -11*u = -q*u - 24. Let t be (u/24)/((-2)/36). What is the greatest common divisor of 48 and t?
6
Suppose 3*o - 4*l - 642 = 0, 4*l = 3*o - 2*o - 222. What is the greatest common factor of 1120 and o?
70
Suppose -137 = 5*d + 28. Let j(u) = u + 37. Let p be j(d). What is the greatest common divisor of 332 and p?
4
Let h be 136/(-1)*(-10)/20. Suppose -949 = -4*v - 0*j + j, 5*v = -j + 1193. Calculate the greatest common divisor of h and v.
34
Let u(m) = m**2 - 10*m - 1. Let f be u(-5). Let t = f - 66. Suppose 5*c - 440 = -0*q + 5*q, -c - q = -88. What is the highest common factor of c and t?
8
Let b = 15961 + -7898. Calculate the greatest common factor of b and 11.
11
Let s = 31562 - 28826. What is the greatest common divisor of s and 1008?
144
Suppose -y + j + 464 = 0, -1158*y - 2360 = -1163*y - 3*j. What is the highest common factor of 217 and y?
7
Let f = 557 + -555. Suppose -11*k + 1125 = -f*k. Calculate the highest common divisor of 5 and k.
5
Let j(f) = 12*f - 202. Let n be j(18). Suppose g - 46 = -3*m + 8*m, 2*g - 118 = -3*m. Calculate the greatest common factor of g and n.
14
Let s be 1 + 2 + 5 + 0. Suppose 0 = 788*x - 764*x - 2808. Suppose -s*t = 5*t - x. Calculate the greatest common divisor of t and 72.
9
Suppose -3*q - 5*i = 338, -13*q + 18*q + 5*i = -550. Let h = -127 - -288. Let l = h + q. What is the greatest common divisor of 10 and l?
5
Let b(l) = 8*l**3 + 2*l**2 + 3*l + 1. Let o be b(-1). Let n be (2133/o)/(-1) + (-114)/(-304). Calculate the greatest common divisor of n and 3.
3
Let g = 141 + -19. Suppose -h + g + 4 = 0. Calculate the highest common divisor of h and 7.
7
Let m = 40 + -24. Let f be (-46)/(-8) - (-72)/(-96). Let v be (-8)/(-20) + 8/f. Calculate the greatest common factor of v and m.
2
Let c be (-6)/27 + 655/(-9). Suppose 5*w = 8*k - 6*k - 184, 2*k - 190 = 2*w. Let b = c + k. Calculate the highest common factor of 36 and b.
12
Let z be 5*(136/5 - -3 - 3). Suppose 0 = c + a + 5 - 33, 2*a = 4*c - z. Calculate the highest common divisor of 16 and c.
16
Let j be (0/1 + 2)*2. Suppose -j*h + 0*r + 15 = -r, h = -r. Suppose -4*c + h*y + 723 = c, 5*y = -5. Calculate the greatest common factor of c and 18.
18
Let a be 13518/18 - (-9)/1. Calculate the highest common divisor of a and 456.
152
Let q(j) be the first derivative of -j**3/3 + 12*j**2 - 98*j - 35. Let y be q(16). What is the greatest common factor of 330 and y?
30
Let c(x) = -3*x**2 - 4*x**2 + 8 - x + 8*x**2. Let i(z) = 5*z**3 - 2*z**2 + 1. Let j be i(-1). Let f be c(j). What is the greatest common factor of f and 125?
25
Suppose w - 2*l = 245, -l + 1008 = 4*w - 2*l. Let z be 1537/145 - 8/(-140)*7. What is the highest common factor of z and w?
11
Let q be 7/(-35) + 672/60. Calculate the highest common factor of 6941 and q.
11
Suppose 5*b - 5*z = 325, 0 = b + 5*z + 1128 - 1211. What is the greatest common divisor of 5066 and b?
34
Let n(l) = -l**2 + 31*l - 73. Let x be n(26). Let p be 3072/x + 1 + 4/38. What is the greatest common divisor of p and 22?
11
Let s = -70 - -116. Suppose -h + 267 = 3*o, 4*h = -4*o + s + 302. Calculate the highest common factor of o and 150.
30
Suppose 0 = -5*p + 2*d + 292, 0 = -1072*p + 1074*p + 5*d - 82. Let v be ((-98)/(-6))/(1/12). What is the highest common divisor of v and p?
28
Suppose -31*i - 172*i = -32*i - 6156. Let o be (-9)/((-27)/12) + 1040. Calculate the highest common factor of o and i.
36
Suppose -134 - 896 = -5*q. Suppose -2*i - 392 = -4*r + 2*i, 0 = 2*r + 3*i - q. What is the greatest common divisor of r and 30?
10
Let c = -338 - -376. Let o be ((-6)/(-4))/(-1*(-2)/228). Calculate the greatest common divisor of c and o.
19
Suppose q + 4*h + 63 = 0, 39 = -q - 4*h + 6*h. Let n be q*(150/(-6))/5. What is the greatest common factor of 5 and n?
5
Suppose 32 - 56 = -8*o. Let c be -2*10/o*(-1083)/38. What is the highest common divisor of c and 50?
10
Suppose -w - 7 = -214 + 11. What is the greatest common factor of 1428 and w?
28
Suppose -1922 = -10*q - 92. Let l = -169 + q. Calculate the highest common factor of 63 and l.
7
Let b(l) = l**3 + 45*l**2 - 43*l + 140. Let f be b(-46).